se -449 = -2*l + 5*p, -l - 5*p + 241 = -y*p. What are the prime factors of l?
2, 29
Suppose 4*n = -20 - 4. What are the prime factors of (8/n)/(5/(-285))?
2, 19
Let z be (-1 - (-14)/6)/(21/1260). Suppose -4*o = -2*o - z. List the prime factors of o.
2, 5
Let c = -90 - -84. List the prime factors of 6/(-4) - 303/c.
7
Let t(z) = -2*z + 4. Let n = 7 - 10. Let m be t(n). What are the prime factors of (16/m)/(7/35)?
2
Suppose -3*c + a = -3258, -39*c + 34*c + 5430 = 4*a. List the prime factors of c.
2, 3, 181
Suppose h + 74 + 484 = 0. What are the prime factors of (-1)/((-3)/h*-3)?
2, 31
Let a = -145 + 815. What are the prime factors of a?
2, 5, 67
Suppose 4*m = -0*m + 132. Let n = m + -29. Suppose -n*g - g + 70 = 0. List the prime factors of g.
2, 7
Let g = -2066 + 2979. What are the prime factors of g?
11, 83
Let l = 583 + -387. What are the prime factors of l?
2, 7
Let k(o) = 145*o**2 - 40*o - 260. What are the prime factors of k(-5)?
5, 23, 31
Suppose i = d - 0*i + 4, 0 = d + 5*i - 20. Suppose d = -13*u + 12*u + 56. Suppose -u = -6*l + 190. List the prime factors of l.
41
Suppose 4*r - 6 = 14. Suppose -r*n + 8*n = 81. List the prime factors of n.
3
Suppose 3*h - 2594 = 763. List the prime factors of h.
3, 373
Suppose 14 = -2*j - 20. Let t = 27 + j. Suppose 5*i + 140 = t*i. What are the prime factors of i?
2, 7
Let t be (26/(-6))/(2/(-24)). Suppose -3*d + 7*d - 12 = 0. Suppose -d*r = r - t. What are the prime factors of r?
13
Suppose -3 = 5*u + 3*w - 3973, -3*w = -3*u + 2358. List the prime factors of u.
7, 113
Let f(q) = 15*q + 36. What are the prime factors of f(32)?
2, 3, 43
Let c be 10*2*21/28. Let g(r) = r**3 - r**2 - 1. Let q(p) = -5*p**3 - 8*p**2 - 14*p - 2. Let b(u) = 6*g(u) + q(u). List the prime factors of b(c).
7
Let k(p) = 2*p**2 - 12*p + 647. What are the prime factors of k(0)?
647
Let u be (2/4)/(15/30). Let h = u - -4. Suppose 0 = 4*t - 5*z - 159, 2*z + 177 = h*t + 3*z. What are the prime factors of t?
2, 3
Suppose 5*n = 6*n - 3. Suppose -n*y - 2 = -50. List the prime factors of y.
2
Suppose 11*b = 33*b - 52338. List the prime factors of b.
3, 13, 61
Let i(q) = -171 + 52 + 2*q**2 - 29*q + 81 - 3*q**2. List the prime factors of i(-16).
2, 5, 17
Let w = 76 - 72. Suppose -5*m - 5*v + 15 + 0 = 0, -m - 5*v - 1 = 0. Suppose 5*c + 64 = w*i, -5*i - m*c + 10 + 70 = 0. What are the prime factors of i?
2
Let u(f) = f**3 + 5*f**2 - 4*f + 5. Suppose 0 = 2*h + b + 11, 2 = h - b - 0. Let x = -2 + h. What are the prime factors of u(x)?
5
Suppose g - 3*a - 473 = 0, 3*g - 2*a = 657 + 790. What are the prime factors of g?
5, 97
Suppose -1 = -u - 0*u. Suppose u + 3 = -w. What are the prime factors of 71/4 - w/16?
2, 3
Suppose 46 = q + l, -5*q + 0*l - 2*l + 239 = 0. Let c = q + -16. List the prime factors of c.
3, 11
Let p = 111 - 78. What are the prime factors of p?
3, 11
Suppose 2*y = -6, -4*j + 0 - 59 = 5*y. Let b(f) = f**2 - 12*f + 7. What are the prime factors of b(j)?
2, 5, 13
Suppose 6*o = -11 + 11. Suppose -2*w + 5*d + 29 = -o*d, -2*w + 4*d + 28 = 0. What are the prime factors of w?
2, 3
Let w = 1 + 4. Suppose -v = -w*i - 3 + 9, 21 = 4*v - 5*i. Suppose 0 = 2*m - 29 + v. List the prime factors of m.
2, 5
Let j(k) = 22*k**2 + 10*k + 15. What are the prime factors of j(-5)?
5, 103
Suppose 2*s - 122 = 168. Suppose -6*x - 25 + s = 0. What are the prime factors of x?
2, 5
Let x = 107 + 0. Let m = -50 + x. What are the prime factors of m?
3, 19
Suppose 1570 = 13*f - 3162. List the prime factors of f.
2, 7, 13
Let u(b) = 5*b + 83. Let m be u(-16). Suppose -2*o = 5*h - 331, 4*h + 81 = -m*o + 588. What are the prime factors of o?
173
Suppose 2*p + 27 = -p. Let o be (-12)/((p/2)/3). What are the prime factors of (1 + o/(-6))*-51?
17
Let l(q) = -3*q - q**2 + 27*q**2 - 3*q**2 - 7*q**2 + 5. What are the prime factors of l(3)?
2, 5, 7
Let o(s) = -s**3 - 6*s**2 + 28*s + 6. List the prime factors of o(-11).
3, 101
Let x be 62/(4 - 5 - 1). Let a = 6 - x. Suppose -77 = -3*z - 3*v + a, 0 = 5*z - 5*v - 160. List the prime factors of z.
5, 7
Suppose 17*w - 340 = 12*w. Let a = 160 - w. List the prime factors of a.
2, 23
Let h = 640 - 246. List the prime factors of h.
2, 197
Let p(g) = -455*g - 152. List the prime factors of p(-6).
2, 1289
Suppose -7*q = -6*q. Suppose q - 18 = -2*k. What are the prime factors of k?
3
Let f = 24 + -77. Let v = -21 - f. List the prime factors of v.
2
What are the prime factors of (-12 - -6)*-100 + 7?
607
Let g = 131 - -982. List the prime factors of g.
3, 7, 53
Let a(r) = 2*r**2 + 11*r - 7. Let q(h) = 2*h**2 + 10*h - 8. Let v(f) = -6*a(f) + 5*q(f). List the prime factors of v(-7).
2
Suppose 2*u - c = 87, -5*c + 86 + 38 = 3*u. Suppose 2*z - 3*z = -u. What are the prime factors of z?
43
Let r be 2895/(-30)*(-2)/(-1). Let i = r + 340. List the prime factors of i.
3, 7
Suppose -9*i + 4*i = -990. Suppose 0*a = -3*a + i. List the prime factors of a.
2, 3, 11
List the prime factors of ((-297)/11 - 9)*212/(-6).
2, 3, 53
Suppose 0 = -8*i + 12717 - 1725. What are the prime factors of i?
2, 3, 229
What are the prime factors of 48/(6 - (-228)/(-40))?
2, 5
Suppose -4*l = -d + 2241, 6*l + 8 = 8*l. What are the prime factors of d?
37, 61
Suppose -2*m + 478 = 2*h, -2*h + 475 = 2*m - m. List the prime factors of h.
2, 59
Let c(q) = -q**3 + 7*q**2 + 6*q + 11. Let m be c(8). Let j = m - -8. Suppose 2*h + 3*x = j + 11, x + 28 = 4*h. What are the prime factors of h?
7
Let h(f) = 273*f**2 + 6*f - 18. What are the prime factors of h(2)?
2, 3, 181
Let o(k) = k**2 + 7*k - 6. Let d be o(5). Let u = d - 23. What are the prime factors of u?
31
Let u(l) = l**2 - 16*l - 32. Let f be u(18). Suppose f*h = -k + 363, 2*k = 3*k + 5. List the prime factors of h.
2, 23
Suppose -3983 = -10*z + 737. What are the prime factors of z?
2, 59
Let i = 490 - 154. List the prime factors of i.
2, 3, 7
Let f(w) = 2 - 43*w - 1 + 79*w. Let c(j) = 37*j + 1. Let v(s) = -3*c(s) + 2*f(s). List the prime factors of v(-1).
2, 19
Let k = -60 + 65. Suppose -25 = 5*o, -5*f + k = -o - 330. What are the prime factors of f?
2, 3, 11
Suppose -5*g + 22 = 2. Suppose -g*j + 548 + 640 = 5*d, -3*d = -2*j - 726. List the prime factors of d.
2, 3, 5
Let u = 10 + -12. Let s be 67/4 - u/8. Suppose -5*a + 38 = -s. List the prime factors of a.
11
Let o(x) = -3*x**2 - 178*x + 40. What are the prime factors of o(-57)?
439
Suppose 19*v - 4351 = 2736. What are the prime factors of v?
373
Let u(v) = 2*v + 14. Let t be u(5). Let a = t + -19. Let k(d) = 2*d**2 - 7*d + 7. What are the prime factors of k(a)?
2, 11
Suppose a = 6*a + 35. Let l(i) be the third derivative of i**5/60 + i**4/6 - 7*i**3/6 - i**2. List the prime factors of l(a).
2, 7
Suppose 5*r = r + 32. Suppose -1660 = -r*i - 2*i. List the prime factors of i.
2, 83
Let m be (-2 - (-1 - 3))/(1/4). List the prime factors of m/(80/275)*(-1 + 3).
5, 11
Let o be (138/4)/((-7)/(-28)). Suppose 5*z - 146 = 7*z. Let j = z + o. List the prime factors of j.
5, 13
Suppose 20 = 4*g + 4. Suppose -3*s = g*t - 36, -t + s + 9 = -3*s. Suppose -3*q - t = 0, -3*r = -3*q - 0*q - 99. List the prime factors of r.
2, 3, 5
Suppose -7*j - 1 = -29. List the prime factors of (-2)/j*0 - (-38 - -2).
2, 3
List the prime factors of (-5 - -15)*(-2 - 68/(-8)).
5, 13
What are the prime factors of 2/(-2) - -2 - (-1539)/19?
2, 41
Let w(x) = -29*x + 9. What are the prime factors of w(-3)?
2, 3
What are the prime factors of (718/(-6))/((-31)/93)?
359
Let a = 226 - -51. List the prime factors of a.
277
Suppose o - 290 = -2*j, -o - 4*j - 40 = -332. List the prime factors of o.
2, 3
Suppose 4368 = -6*r + 27*r. What are the prime factors of r?
2, 13
Suppose -p = 5*n - 4*p - 150, 0 = -5*n + p + 160. Suppose j + n = 195. List the prime factors of j.
2, 3
Suppose 38 = -2*c - 0*c. Let d = c - -114. List the prime factors of d.
5, 19
Let w(u) = -18*u + 3. Let j be w(-1). Suppose -4*z - 2*x + 19 = -3*z, 0 = -5*z + 5*x + 125. Let f = z + j. List the prime factors of f.
2, 11
Let t(c) = -10*c - 69. Let i be t(-6). Let y(m) = -2*m + 25. List the prime factors of y(i).
43
Suppose 0 = -4*a + 16*x - 13*x + 936, -5*a = -4*x - 1170. What are the prime factors of a?
2, 3, 13
Suppose f - 2 = -8. Let n be (-2)/(-3)*f/1. List the prime factors of 294/10 + n/10.
29
Let a be 6/(-4) - 101/2. Let w be 2*-5*1/2. List 